ighest common divisor of 70 and r.
14
Let b = -8 + 11. Suppose 3*f - 1 = 8. Suppose q + f = 12. Calculate the highest common divisor of b and q.
3
Suppose -n - 3*n + 21 = 3*f, 4*f + 5*n - 27 = 0. What is the highest common divisor of f and 6?
3
Let a be (-1 - 1)/((-10)/325). Suppose -v - 3*j = -33, 4*v + a = -4*j + 189. Let l = v + -13. What is the highest common factor of 153 and l?
17
Let a = 38 - -88. Let m be -1*((0 - -2) + -16). Calculate the greatest common divisor of a and m.
14
Let a be 0/(0 - 1 - -4). Let f be (-3 - (2 - 4)) + a. Let v = 10 - f. Calculate the greatest common factor of 33 and v.
11
Let m be 6/(-18) + 65/(-3). Let c be m/(-8) + 4/16. Suppose -c*g - 14 = -50. Calculate the highest common divisor of 8 and g.
4
Let u(l) be the second derivative of l**4/12 + 4*l**3/3 + 2*l**2 - 4*l. Let y be u(-10). Calculate the highest common factor of 216 and y.
24
Suppose -5*b = 2*o + 2*o - 35, o + 21 = 3*b. Calculate the highest common factor of b and 35.
7
Let n be 12 + 0 - (-15 - -13). Calculate the highest common divisor of n and 14.
14
Let t(k) = k**2 - 6*k - 10. Let p be t(8). Let b be 1*(-1 - -56) + -1. What is the greatest common factor of p and b?
6
Suppose 0 = -3*w - 0*w - 2*u + 46, -51 = -3*w + 3*u. Suppose 0 = 3*v + w - 40. Let s = 14 - 6. What is the highest common divisor of v and s?
8
Suppose -13 = -5*i - 3. Suppose 2*v = -0*v - 3*h + 88, -i*h = -2*v + 108. Calculate the greatest common factor of v and 25.
25
Suppose 0 = -4*q + q + 24. Let j(x) = 2*x - 3. Let f be j(6). Suppose -f*p + 200 = -4*p. Calculate the highest common factor of p and q.
8
Let a(c) = -3*c - 11. Let v be a(-5). Suppose -284 = -2*s - v*x, 242 + 37 = 2*s - x. Calculate the highest common divisor of s and 20.
20
Let w(j) = 3*j**2 - 5*j - 12. Let x be w(-6). Calculate the highest common divisor of 6 and x.
6
Let s = -40 - -61. Calculate the greatest common factor of 231 and s.
21
Suppose 3*m + 4*k = 5*m - 10, 5*m + 3*k + 1 = 0. Calculate the highest common divisor of 8 and m.
1
Suppose -2*q = -0*q + n - 143, 341 = 5*q - 3*n. Let o be (-72)/(-20)*(4 + 1). Suppose -o - 2 = -2*l. What is the greatest common factor of q and l?
10
Suppose -t = t - 24. Calculate the greatest common factor of 18 and t.
6
Suppose a + 3*a = 12, -3*a + 1 = -4*f. Suppose 5*l + 4*o + 110 = 0, 35 = -f*l - 2*o - 9. Let j = 31 + l. Calculate the greatest common divisor of 6 and j.
3
Let k(g) = -g**2 - 2*g**3 - 3*g + 3*g**3 + 1 + 0*g**3 + 2. Let w be k(2). Calculate the highest common divisor of 1 and w.
1
Let k be (-295)/(-20) + (-6)/8. Calculate the highest common divisor of k and 98.
14
Let b = 3 + -1. Suppose 6 = i - b. Suppose g + 56 = 2*g. Calculate the greatest common factor of i and g.
8
Let m be 1/((-4)/(-96)) + 4. Suppose -3*u + 11 = -1. What is the highest common factor of m and u?
4
Suppose 0 = 2*d + 63 + 45. Let n be 5/(3 - (-160)/d). Calculate the greatest common divisor of n and 15.
15
Let f(v) = 2*v**3 + 19*v**2 - 14*v - 10. Let a be f(-10). Calculate the highest common factor of a and 6.
6
Let j = -46 + 85. Suppose -5*v + 4*q = -0*q - 32, 2*q = 3*v - 18. Suppose 7*m = v*m + j. Calculate the greatest common divisor of 117 and m.
13
Let w be 1 - 0 - (-5 + -2). Suppose -5*j = 8 + 52. Let m be j*3/((-9)/2). Calculate the greatest common factor of w and m.
8
Let r be ((-3)/9)/((-1)/18). Suppose 3*l + r = 4*l. What is the greatest common factor of l and 6?
6
Let q(l) = -l**3 - 3*l**2 - l. Let g be q(-2). Let j = 3 - g. Suppose -d + 4*d - 204 = -3*c, j*c = 2*d + 326. Calculate the highest common divisor of c and 6.
6
Let c = 20 + -8. Let f = -50 - -53. What is the highest common divisor of f and c?
3
Suppose 5*l - 225 = -4*u + 9*u, -60 = -l + 4*u. What is the highest common divisor of 16 and l?
8
Let h(q) = q**3 - 11*q**2 - 3*q + 3. Let i be h(6). Let u be (-1)/5 - (-5568)/15. Let n = u + i. Calculate the highest common divisor of 16 and n.
16
Let q = 103 + -69. Calculate the highest common factor of 170 and q.
34
Let q be (0/(-1))/(1 - 2). Let n = 8 - q. What is the highest common divisor of n and 40?
8
Let l = 200 - 178. What is the highest common divisor of 88 and l?
22
Let l be 18/4*64/12. Suppose -z + 2*n = -68, 0 = z - 5*n - 10 - 70. Calculate the greatest common factor of z and l.
12
Let l(v) = 11*v**2 + v + 3. Let a be l(2). What is the highest common divisor of a and 14?
7
Suppose 3*s - 16 = 2*d, -3*s - 4*d + 14 = -8*d. Suppose 5*z - s = 24. What is the greatest common factor of z and 54?
6
Let u(l) = 5*l**2. Let n be u(2). Suppose -2*z = 2*a + 28, 5*a + 7 = -z - 11. Let x = 21 + z. Calculate the greatest common factor of n and x.
4
Let t = 79 - 47. Suppose -4*a = -5 - 15. Suppose -5*m = 2*o - 50, a = 3*o - 10. Calculate the greatest common factor of t and m.
8
Suppose -4*j = -6*j - 4. Let x be j*(-2)/(-8)*-8. Let o = 4 + 16. Calculate the greatest common factor of o and x.
4
Let g = 101 - 48. Suppose 0 = 4*k + w - g + 20, w - 42 = -5*k. Suppose 25 - 160 = -5*y. Calculate the highest common factor of y and k.
9
Suppose 11 - 79 = -5*y - 4*g, -52 = -4*y - 2*g. Calculate the greatest common factor of y and 132.
12
Let k(a) = a - 10. Let s be k(8). Let d = s + 11. Suppose l + w - 69 = -l, 42 = l - 2*w. Calculate the greatest common factor of l and d.
9
Suppose 0 = -0*j - 3*j + 21. Suppose 2*v = -3*v + 210. What is the greatest common factor of v and j?
7
Let g be (1/(-2))/((-1)/(-2)). Let i be (2/2 - -1)*g. Let j be (-2)/1 + (-82)/i. Calculate the greatest common factor of j and 13.
13
Suppose k - 13 = 32. What is the highest common factor of 60 and k?
15
Let r(p) = -1 + 79*p + 2 + 96*p. Let d be r(1). What is the highest common divisor of d and 22?
22
Let a = -24 - -39. Suppose -w + 6*w = a. What is the greatest common divisor of 2 and w?
1
Let s(o) = -o - 2. Let t be s(2). Let l be 1672/28 + t/(-14). What is the greatest common factor of l and 15?
15
Let v(d) = d + 2. Let o be v(2). Suppose -4*u + 13 = 1. Let p = u - -13. Calculate the greatest common divisor of p and o.
4
Let k be (2/3)/(8/36). Let g = 11 - k. Suppose 0 + g = l. Calculate the highest common divisor of 72 and l.
8
Let q = 7 + -3. Suppose -q*j + 16 = -0*j. Let z = j - -4. Calculate the greatest common factor of z and 88.
8
Let k = -20 - -60. What is the greatest common factor of k and 8?
8
Let u(d) = -5*d - 5. Let q be u(-3). Calculate the highest common divisor of q and 30.
10
Let b(c) = 2*c - c + 3*c**3 - 2*c**2 - c**3. Let h be b(1). What is the highest common divisor of 7 and h?
1
Suppose 0 = 2*m - 2*r - 20, 5*m + 3*r - 52 = 7*r. What is the highest common divisor of m and 132?
12
Suppose -2*y + 0*y + 12 = 0. Let r be (0 - -1)/((-5)/(-25)). Suppose -v = -5*a - 2*v + 58, -14 = -2*a - r*v. What is the greatest common divisor of y and a?
6
Suppose -3*v + 10*v - 357 = 0. Calculate the greatest common factor of 17 and v.
17
Suppose 3*z = 3*f - 96, 0 = -z - 4. Calculate the highest common divisor of f and 14.
14
Let n(d) = -d**3 - 9*d**2 - 9*d - 6. Let p be n(-8). Let i = 2 + 1. Suppose -i*j = p*j - 60. Calculate the greatest common divisor of j and 4.
4
Let u = -5 + 113. What is the highest common factor of 36 and u?
36
Let i be 21/(-28) + 414/8. Calculate the greatest common divisor of i and 34.
17
Let h(w) = -2*w - 2*w - 10 + 2*w. Let l be h(-7). Suppose 2*a - l*a = -34. Calculate the greatest common divisor of a and 51.
17
Suppose -4*v - 8 = -0*v. Let m be 6 + -2 + (-6)/v. Suppose y + 21 = 4*y. Calculate the highest common factor of m and y.
7
Let l = -7 + 25. Let r = -88 - -94. Calculate the greatest common divisor of l and r.
6
Let j(x) = -x**3 + 14*x**2 + 16*x - 10. Let q be j(15). Calculate the highest common factor of q and 35.
5
Suppose -5*n + 1114 = -281. What is the greatest common divisor of n and 31?
31
Let b = 149 - 141. Let a be ((-6)/(-4))/((-3)/(-128)). What is the greatest common factor of b and a?
8
Let j = -5 + 11. Let p be 0/(-4 + 4/4). Suppose 4*a - j - 14 = p. Calculate the greatest common divisor of 40 and a.
5
Let d(m) = 2*m**3 + m**2 + 4*m - 3. Let p be d(3). Suppose 0 = -a + 7*a - p. Calculate the highest common factor of 12 and a.
12
Suppose 0 = -3*b + 8 + 34. Calculate the greatest common factor of b and 70.
14
Let b(z) = 2*z**2 - 29*z + 11. Let l(g) = -g**2 + 14*g - 5. L